{"id":1623,"date":"2023-09-05T01:04:01","date_gmt":"2023-09-05T01:04:01","guid":{"rendered":"https:\/\/grupodavlo.com.mx\/?page_id=1623"},"modified":"2023-11-17T03:24:37","modified_gmt":"2023-11-17T03:24:37","slug":"productos","status":"publish","type":"page","link":"https:\/\/grupodavlo.com.mx\/index.php\/productos\/","title":{"rendered":"Construcci\u00f3n y Administraci\u00f3n  de obra"},"content":{"rendered":"\t\t<div data-elementor-type=\"wp-page\" data-elementor-id=\"1623\" class=\"elementor elementor-1623\">\n\t\t\t\t\t\t\t\t\t<section class=\"elementor-section elementor-top-section elementor-element elementor-element-47576fb elementor-section-full_width elementor-section-height-min-height elementor-section-stretched elementor-section-height-default elementor-section-items-middle\" data-id=\"47576fb\" data-element_type=\"section\" data-settings=\"{&quot;stretch_section&quot;:&quot;section-stretched&quot;}\">\n\t\t\t\t\t\t\t<div class=\"elementor-background-overlay\"><\/div>\n\t\t\t\t\t\t\t<div class=\"elementor-container elementor-column-gap-default\">\n\t\t\t\t\t<div class=\"elementor-column elementor-col-100 elementor-top-column elementor-element elementor-element-f45707e\" data-id=\"f45707e\" data-element_type=\"column\">\n\t\t\t<div class=\"elementor-widget-wrap elementor-element-populated\">\n\t\t\t\t\t\t\t\t<div class=\"elementor-element elementor-element-94687e6 elementor-widget elementor-widget-heading\" data-id=\"94687e6\" data-element_type=\"widget\" data-widget_type=\"heading.default\">\n\t\t\t\t<div class=\"elementor-widget-container\">\n\t\t\t<style>\/*! elementor - v3.16.0 - 13-09-2023 *\/\n.elementor-heading-title{padding:0;margin:0;line-height:1}.elementor-widget-heading .elementor-heading-title[class*=elementor-size-]>a{color:inherit;font-size:inherit;line-height:inherit}.elementor-widget-heading .elementor-heading-title.elementor-size-small{font-size:15px}.elementor-widget-heading .elementor-heading-title.elementor-size-medium{font-size:19px}.elementor-widget-heading .elementor-heading-title.elementor-size-large{font-size:29px}.elementor-widget-heading .elementor-heading-title.elementor-size-xl{font-size:39px}.elementor-widget-heading .elementor-heading-title.elementor-size-xxl{font-size:59px}<\/style><h2 class=\"elementor-heading-title elementor-size-default\">Construcci\u00f3n y Administraci\u00f3n de Obra<\/h2>\t\t<\/div>\n\t\t\t\t<\/div>\n\t\t\t\t\t<\/div>\n\t\t<\/div>\n\t\t\t\t\t\t\t<\/div>\n\t\t<\/section>\n\t\t\t\t<section class=\"elementor-section elementor-top-section elementor-element elementor-element-c396804 elementor-section-full_width elementor-section-stretched elementor-section-height-default elementor-section-height-default\" data-id=\"c396804\" data-element_type=\"section\" data-settings=\"{&quot;stretch_section&quot;:&quot;section-stretched&quot;}\">\n\t\t\t\t\t\t<div class=\"elementor-container elementor-column-gap-default\">\n\t\t\t\t\t<div class=\"elementor-column elementor-col-50 elementor-top-column elementor-element elementor-element-9954034\" data-id=\"9954034\" data-element_type=\"column\">\n\t\t\t<div class=\"elementor-widget-wrap elementor-element-populated\">\n\t\t\t\t\t\t\t\t<div class=\"elementor-element elementor-element-5b4ff74 elementor-widget elementor-widget-text-editor\" data-id=\"5b4ff74\" data-element_type=\"widget\" data-widget_type=\"text-editor.default\">\n\t\t\t\t<div class=\"elementor-widget-container\">\n\t\t\t<style>\/*! elementor - v3.16.0 - 13-09-2023 *\/\n.elementor-widget-text-editor.elementor-drop-cap-view-stacked .elementor-drop-cap{background-color:#69727d;color:#fff}.elementor-widget-text-editor.elementor-drop-cap-view-framed .elementor-drop-cap{color:#69727d;border:3px solid;background-color:transparent}.elementor-widget-text-editor:not(.elementor-drop-cap-view-default) .elementor-drop-cap{margin-top:8px}.elementor-widget-text-editor:not(.elementor-drop-cap-view-default) .elementor-drop-cap-letter{width:1em;height:1em}.elementor-widget-text-editor .elementor-drop-cap{float:left;text-align:center;line-height:1;font-size:50px}.elementor-widget-text-editor .elementor-drop-cap-letter{display:inline-block}<\/style>\t\t\t\t<p>Construcci\u00f3n y Administraci\u00f3n de Obra<\/p>\t\t\t\t\t\t<\/div>\n\t\t\t\t<\/div>\n\t\t\t\t<div class=\"elementor-element elementor-element-bc3c167 elementor-widget elementor-widget-text-editor\" data-id=\"bc3c167\" data-element_type=\"widget\" data-widget_type=\"text-editor.default\">\n\t\t\t\t<div class=\"elementor-widget-container\">\n\t\t\t\t\t\t\t<p>Toda necesidad que tengas en construcci\u00f3n, nosotros la podemos ejecutar.<\/p><p>Contamos con el talento humano, as\u00ed como los recursos t\u00e9cnicos necesarios para el desarrollo de cualquier tipo de obra.<\/p><p>\u00a0<\/p><p>Nos distingue la capacidad de adaptarnos a tus requerimientos espec\u00edficos, ya sea la construcci\u00f3n de una vivienda familiar a medida o la realizaci\u00f3n de complejos desarrollos inmobiliarios.<\/p>\t\t\t\t\t\t<\/div>\n\t\t\t\t<\/div>\n\t\t\t\t\t<\/div>\n\t\t<\/div>\n\t\t\t\t<div class=\"elementor-column elementor-col-50 elementor-top-column elementor-element elementor-element-c20afe3\" data-id=\"c20afe3\" data-element_type=\"column\">\n\t\t\t<div class=\"elementor-widget-wrap elementor-element-populated\">\n\t\t\t\t\t\t\t\t<div class=\"elementor-element elementor-element-88b46f2 elementor-widget elementor-widget-image\" data-id=\"88b46f2\" data-element_type=\"widget\" data-widget_type=\"image.default\">\n\t\t\t\t<div class=\"elementor-widget-container\">\n\t\t\t<style>\/*! elementor - v3.16.0 - 13-09-2023 *\/\n.elementor-widget-image{text-align:center}.elementor-widget-image a{display:inline-block}.elementor-widget-image a img[src$=\".svg\"]{width:48px}.elementor-widget-image img{vertical-align:middle;display:inline-block}<\/style>\t\t\t\t\t\t\t\t\t\t\t\t<img decoding=\"async\" src=\"https:\/\/grupodavlo.com.mx\/wp-content\/plugins\/elementor\/assets\/images\/placeholder.png\" title=\"\" alt=\"\" loading=\"lazy\" \/>\t\t\t\t\t\t\t\t\t\t\t\t\t\t\t<\/div>\n\t\t\t\t<\/div>\n\t\t\t\t\t<\/div>\n\t\t<\/div>\n\t\t\t\t\t\t\t<\/div>\n\t\t<\/section>\n\t\t\t\t<section class=\"elementor-section elementor-top-section elementor-element elementor-element-b829e37 elementor-section-full_width elementor-section-height-min-height elementor-section-stretched elementor-section-height-default elementor-section-items-middle\" data-id=\"b829e37\" data-element_type=\"section\" data-settings=\"{&quot;stretch_section&quot;:&quot;section-stretched&quot;}\">\n\t\t\t\t\t\t\t<div class=\"elementor-background-overlay\"><\/div>\n\t\t\t\t\t\t\t<div class=\"elementor-container elementor-column-gap-default\">\n\t\t\t\t\t<div class=\"elementor-column elementor-col-100 elementor-top-column elementor-element elementor-element-b61c1aa\" data-id=\"b61c1aa\" data-element_type=\"column\">\n\t\t\t<div class=\"elementor-widget-wrap\">\n\t\t\t\t\t\t\t\t\t<\/div>\n\t\t<\/div>\n\t\t\t\t\t\t\t<\/div>\n\t\t<\/section>\n\t\t\t\t<div class=\"elementor-section elementor-top-section elementor-element elementor-element-f023ced elementor-section-full_width elementor-section-height-min-height elementor-section-stretched elementor-section-height-default elementor-section-items-middle\" data-id=\"f023ced\" data-element_type=\"section\" data-settings=\"{&quot;stretch_section&quot;:&quot;section-stretched&quot;}\">\n\t\t\t\t\t\t\t<div class=\"elementor-background-overlay\"><\/div>\n\t\t\t\t\t\t\t<div class=\"elementor-container elementor-column-gap-default\">\n\t\t\t\t\t<div class=\"elementor-column elementor-col-100 elementor-top-column elementor-element elementor-element-83c6cea\" data-id=\"83c6cea\" data-element_type=\"column\">\n\t\t\t<div class=\"elementor-widget-wrap elementor-element-populated\">\n\t\t\t\t\t\t\t\t<div class=\"elementor-element elementor-element-293f4ab elementor-widget elementor-widget-text-editor\" data-id=\"293f4ab\" data-element_type=\"widget\" data-widget_type=\"text-editor.default\">\n\t\t\t\t<div class=\"elementor-widget-container\">\n\t\t\t\t\t\t\t<p>CONT\u00c1CTANOS<\/p>\t\t\t\t\t\t<\/div>\n\t\t\t\t<\/div>\n\t\t\t\t\t<\/div>\n\t\t<\/div>\n\t\t\t\t\t\t\t<\/div>\n\t\t<\/div>\n\t\t\t\t<div class=\"elementor-section elementor-top-section elementor-element elementor-element-e095ff9 elementor-section-content-middle elementor-section-boxed elementor-section-height-default elementor-section-height-default\" data-id=\"e095ff9\" data-element_type=\"section\">\n\t\t\t\t\t\t<div class=\"elementor-container elementor-column-gap-default\">\n\t\t\t\t\t<div class=\"elementor-column elementor-col-50 elementor-top-column elementor-element elementor-element-71b0a12\" data-id=\"71b0a12\" data-element_type=\"column\">\n\t\t\t<div class=\"elementor-widget-wrap elementor-element-populated\">\n\t\t\t\t\t\t\t\t<div class=\"elementor-element elementor-element-d93c429 elementor-widget elementor-widget-image\" data-id=\"d93c429\" data-element_type=\"widget\" data-widget_type=\"image.default\">\n\t\t\t\t<div class=\"elementor-widget-container\">\n\t\t\t\t\t\t\t\t\t\t\t\t\t\t\t<img loading=\"lazy\" decoding=\"async\" width=\"461\" height=\"106\" src=\"https:\/\/grupodavlo.com.mx\/wp-content\/uploads\/2023\/09\/Ubicacion-e1695342637899.png\" class=\"attachment-full size-full wp-image-1952\" alt=\"\" srcset=\"https:\/\/grupodavlo.com.mx\/wp-content\/uploads\/2023\/09\/Ubicacion-e1695342637899.png 461w, https:\/\/grupodavlo.com.mx\/wp-content\/uploads\/2023\/09\/Ubicacion-e1695342637899-300x69.png 300w\" sizes=\"auto, (max-width: 461px) 100vw, 461px\" style=\"width:100%;height:22.99%;max-width:461px\" \/>\t\t\t\t\t\t\t\t\t\t\t\t\t\t\t<\/div>\n\t\t\t\t<\/div>\n\t\t\t\t<div class=\"elementor-element elementor-element-b1db8a3 elementor-widget__width-initial elementor-widget elementor-widget-text-editor\" data-id=\"b1db8a3\" data-element_type=\"widget\" data-widget_type=\"text-editor.default\">\n\t\t\t\t<div class=\"elementor-widget-container\">\n\t\t\t\t\t\t\t<p>Calle Honduras, 1612, El&nbsp;<\/p><p>Inguambo, 60050 Uruapan, Mich.<\/p>\t\t\t\t\t\t<\/div>\n\t\t\t\t<\/div>\n\t\t\t\t\t<\/div>\n\t\t<\/div>\n\t\t\t\t<div class=\"elementor-column elementor-col-50 elementor-top-column elementor-element elementor-element-bfd7dba\" data-id=\"bfd7dba\" data-element_type=\"column\">\n\t\t\t<div class=\"elementor-widget-wrap elementor-element-populated\">\n\t\t\t\t\t\t\t\t<div class=\"elementor-element elementor-element-1a375a2 elementor-widget elementor-widget-image\" data-id=\"1a375a2\" data-element_type=\"widget\" data-widget_type=\"image.default\">\n\t\t\t\t<div class=\"elementor-widget-container\">\n\t\t\t\t\t\t\t\t\t\t\t\t\t\t\t<img loading=\"lazy\" decoding=\"async\" width=\"462\" height=\"101\" src=\"https:\/\/grupodavlo.com.mx\/wp-content\/uploads\/2023\/09\/Telefono-e1695342583671.png\" class=\"attachment-full size-full wp-image-1949\" alt=\"\" srcset=\"https:\/\/grupodavlo.com.mx\/wp-content\/uploads\/2023\/09\/Telefono-e1695342583671.png 462w, https:\/\/grupodavlo.com.mx\/wp-content\/uploads\/2023\/09\/Telefono-e1695342583671-300x66.png 300w\" sizes=\"auto, (max-width: 462px) 100vw, 462px\" style=\"width:100%;height:21.86%;max-width:462px\" \/>\t\t\t\t\t\t\t\t\t\t\t\t\t\t\t<\/div>\n\t\t\t\t<\/div>\n\t\t\t\t<div class=\"elementor-element elementor-element-4650cfc elementor-widget elementor-widget-text-editor\" data-id=\"4650cfc\" data-element_type=\"widget\" data-widget_type=\"text-editor.default\">\n\t\t\t\t<div class=\"elementor-widget-container\">\n\t\t\t\t\t\t\t<p><span style=\"color: #ffffff;\"><a style=\"color: #ffffff;\" href=\"https:\/\/www.google.com\/search?gs_ssp=eJzj4tZP1zcsKTBIiU_ONWC0UjWosDAxSkk1MrNMNjFJtEiyMLYyqDBNTTNMsTAxN081NrcwNrf04k4vKi3IV0hJLMvJBwBZsBLX&amp;q=grupo+davlo&amp;rlz=1C1VDKB_esMX1008MX1009&amp;oq=grupo&amp;gs_lcrp=EgZjaHJvbWUqDwgCEC4YJxivARjHARiKBTIGCAAQRRg8MgYIARBFGDkyDwgCEC4YJxivARjHARiKBTIGCAMQRRg7MgoIBBAuGLEDGIAEMgYIBRBFGDwyBggGEEUYPDIGCAcQRRg80gEIMzk4NWowajeoAgCwAgA&amp;sourceid=chrome&amp;ie=UTF-8#\" data-dtype=\"d3ph\" data-local-attribute=\"d3ph\" data-ved=\"2ahUKEwiMj4Chx-CBAxWmmmoFHcI8AV0QkAgoAHoECDkQAw\"><span aria-label=\"Llamar al n\u00famero de tel\u00e9fono 452 523 0895\">452 523 0895<\/span><\/a><\/span><\/p>\t\t\t\t\t\t<\/div>\n\t\t\t\t<\/div>\n\t\t\t\t\t<\/div>\n\t\t<\/div>\n\t\t\t\t\t\t\t<\/div>\n\t\t<\/div>\n\t\t\t\t<section class=\"elementor-section elementor-top-section elementor-element elementor-element-ea3186a elementor-section-boxed elementor-section-height-default elementor-section-height-default\" data-id=\"ea3186a\" data-element_type=\"section\">\n\t\t\t\t\t\t<div class=\"elementor-container elementor-column-gap-default\">\n\t\t\t\t\t<div class=\"elementor-column elementor-col-50 elementor-top-column elementor-element elementor-element-230ea46\" data-id=\"230ea46\" data-element_type=\"column\">\n\t\t\t<div class=\"elementor-widget-wrap elementor-element-populated\">\n\t\t\t\t\t\t\t\t<div class=\"elementor-element elementor-element-d2dd383 elementor-widget elementor-widget-image\" data-id=\"d2dd383\" data-element_type=\"widget\" data-widget_type=\"image.default\">\n\t\t\t\t<div class=\"elementor-widget-container\">\n\t\t\t\t\t\t\t\t\t\t\t\t\t\t\t<img loading=\"lazy\" decoding=\"async\" width=\"464\" height=\"101\" src=\"https:\/\/grupodavlo.com.mx\/wp-content\/uploads\/2023\/09\/Mail-e1695342479544.png\" class=\"attachment-full size-full wp-image-1950\" alt=\"\" srcset=\"https:\/\/grupodavlo.com.mx\/wp-content\/uploads\/2023\/09\/Mail-e1695342479544.png 464w, https:\/\/grupodavlo.com.mx\/wp-content\/uploads\/2023\/09\/Mail-e1695342479544-300x65.png 300w\" sizes=\"auto, (max-width: 464px) 100vw, 464px\" style=\"width:100%;height:21.77%;max-width:464px\" \/>\t\t\t\t\t\t\t\t\t\t\t\t\t\t\t<\/div>\n\t\t\t\t<\/div>\n\t\t\t\t<div class=\"elementor-element elementor-element-4c34357 elementor-widget elementor-widget-text-editor\" data-id=\"4c34357\" data-element_type=\"widget\" data-widget_type=\"text-editor.default\">\n\t\t\t\t<div class=\"elementor-widget-container\">\n\t\t\t\t\t\t\t<p>contacto@grupodavlo.com.mx<\/p>\t\t\t\t\t\t<\/div>\n\t\t\t\t<\/div>\n\t\t\t\t\t<\/div>\n\t\t<\/div>\n\t\t\t\t<div class=\"elementor-column elementor-col-50 elementor-top-column elementor-element elementor-element-64c061f\" data-id=\"64c061f\" data-element_type=\"column\">\n\t\t\t<div class=\"elementor-widget-wrap elementor-element-populated\">\n\t\t\t\t\t\t\t\t<div class=\"elementor-element elementor-element-c61ec5d elementor-widget elementor-widget-image\" data-id=\"c61ec5d\" data-element_type=\"widget\" data-widget_type=\"image.default\">\n\t\t\t\t<div class=\"elementor-widget-container\">\n\t\t\t\t\t\t\t\t\t\t\t\t\t\t\t<img loading=\"lazy\" decoding=\"async\" width=\"462\" height=\"104\" src=\"https:\/\/grupodavlo.com.mx\/wp-content\/uploads\/2023\/09\/Facebook-e1695342536378.png\" class=\"attachment-full size-full wp-image-1948\" alt=\"\" srcset=\"https:\/\/grupodavlo.com.mx\/wp-content\/uploads\/2023\/09\/Facebook-e1695342536378.png 462w, https:\/\/grupodavlo.com.mx\/wp-content\/uploads\/2023\/09\/Facebook-e1695342536378-300x68.png 300w\" sizes=\"auto, (max-width: 462px) 100vw, 462px\" style=\"width:100%;height:22.51%;max-width:462px\" \/>\t\t\t\t\t\t\t\t\t\t\t\t\t\t\t<\/div>\n\t\t\t\t<\/div>\n\t\t\t\t<div class=\"elementor-element elementor-element-dca096f elementor-widget elementor-widget-text-editor\" data-id=\"dca096f\" data-element_type=\"widget\" data-widget_type=\"text-editor.default\">\n\t\t\t\t<div class=\"elementor-widget-container\">\n\t\t\t\t\t\t\t<p><span style=\"color: #ffffff;\"><a style=\"color: #ffffff;\" href=\"https:\/\/www.facebook.com\/profile.php?id=100095369748340\">Grupo DAVLO<\/a><\/span><\/p>\t\t\t\t\t\t<\/div>\n\t\t\t\t<\/div>\n\t\t\t\t\t<\/div>\n\t\t<\/div>\n\t\t\t\t\t\t\t<\/div>\n\t\t<\/section>\n\t\t\t\t\t\t\t<\/div>\n\t\t","protected":false},"excerpt":{"rendered":"<p>Construcci\u00f3n y Administraci\u00f3n de Obra Construcci\u00f3n y Administraci\u00f3n de Obra Toda necesidad que tengas en construcci\u00f3n, nosotros la podemos ejecutar. Contamos con el talento humano, as\u00ed como los recursos t\u00e9cnicos necesarios para el desarrollo de cualquier tipo de obra. \u00a0 Nos distingue la capacidad de adaptarnos a tus requerimientos espec\u00edficos, ya sea la construcci\u00f3n de&hellip; <a class=\"more-link\" href=\"https:\/\/grupodavlo.com.mx\/index.php\/productos\/\">Seguir leyendo <span class=\"screen-reader-text\">Construcci\u00f3n y Administraci\u00f3n  de obra<\/span><\/a><\/p>\n","protected":false},"author":1,"featured_media":0,"parent":0,"menu_order":0,"comment_status":"closed","ping_status":"closed","template":"elementor_header_footer","meta":{"footnotes":""},"class_list":["post-1623","page","type-page","status-publish","hentry","entry"],"_links":{"self":[{"href":"https:\/\/grupodavlo.com.mx\/index.php\/wp-json\/wp\/v2\/pages\/1623","targetHints":{"allow":["GET"]}}],"collection":[{"href":"https:\/\/grupodavlo.com.mx\/index.php\/wp-json\/wp\/v2\/pages"}],"about":[{"href":"https:\/\/grupodavlo.com.mx\/index.php\/wp-json\/wp\/v2\/types\/page"}],"author":[{"embeddable":true,"href":"https:\/\/grupodavlo.com.mx\/index.php\/wp-json\/wp\/v2\/users\/1"}],"replies":[{"embeddable":true,"href":"https:\/\/grupodavlo.com.mx\/index.php\/wp-json\/wp\/v2\/comments?post=1623"}],"version-history":[{"count":17,"href":"https:\/\/grupodavlo.com.mx\/index.php\/wp-json\/wp\/v2\/pages\/1623\/revisions"}],"predecessor-version":[{"id":3025,"href":"https:\/\/grupodavlo.com.mx\/index.php\/wp-json\/wp\/v2\/pages\/1623\/revisions\/3025"}],"wp:attachment":[{"href":"https:\/\/grupodavlo.com.mx\/index.php\/wp-json\/wp\/v2\/media?parent=1623"}],"curies":[{"name":"wp","href":"https:\/\/api.w.org\/{rel}","templated":true}]}}